(r)?
-4
Let n(q) be the first derivative of 3*q - 16 - 1/4*q**4 + 1/3*q**3 + q**2. Give n(3).
-9
Let i(k) = 11*k**2 + 5*k. Let o(v) = -4*v**2 - v. Let q(j) = 3*i(j) + 8*o(j). What is q(-6)?
-6
Let s(n) = 206*n + 13 - 2 - 395*n + n**2 + 199*n. Give s(-9).
2
Let a(o) be the third derivative of o**8/20160 - o**7/5040 - o**6/720 - o**5/5 - 5*o**2. Let d(m) be the third derivative of a(m). What is d(-3)?
11
Let n(g) = g**2 + g - 6. Let i(y) = y**3 + 10*y**2 - 25*y - 15. Let p be i(-12). What is n(p)?
0
Let s be 1/(-4) - ((-1035)/(-108))/(-23). Let a(p) be the second derivative of s*p**3 + 0*p**2 - 5*p + 0 - 1/2*p**4. What is a(1)?
-5
Let n(p) be the second derivative of -1/20*p**5 + 0 + 5*p + 0*p**3 + p**2 + 1/6*p**4. Let s = 7 - 4. Determine n(s).
-7
Let o(j) be the first derivative of -j**4/4 - 7*j**3/3 - 3*j**2 + 4*j + 45. Determine o(-5).
-16
Let f(s) = 19*s**2 + 11*s + 22. Let k(p) = 17*p**2 + 11*p + 22. Let n(m) = 8*f(m) - 9*k(m). Determine n(-8).
2
Suppose 2*c = -2*p - 4, -3*p - c + 47 - 49 = 0. Let i(s) = -4*s**2 - 3*s - 6. Let k(x) = x**2 + x. Let j(o) = i(o) + 3*k(o). Determine j(p).
-6
Let u(l) = -l**2 - 5*l - 2. Let n be u(-4). Suppose -1 = n*a + 7. Let k(t) = -21 + 37 - 18 + 0*t - t. Determine k(a).
2
Let n(j) = -4*j**2 + 2 - 8*j - 4 + 9 + 3*j**2. Let p be n(-9). Let z(k) be the third derivative of -k**4/12 - k**3/2 + 3*k**2. What is z(p)?
1
Let y(p) be the second derivative of p**4/4 + p**3/6 + p**2/2 - 3*p + 11. Suppose w + 6 + 0 = 2*d, -2*w = 2*d. Give y(d).
15
Let z(s) be the second derivative of 0*s**3 + 0 + 1/720*s**6 - 1/8*s**5 + 0*s**2 + 2*s - 7/12*s**4. Let t(r) be the third derivative of z(r). What is t(0)?
-15
Let z = -13/200 + 8/75. Let f(u) be the third derivative of 0*u + 1/60*u**5 - 1/120*u**6 + 0 - 5*u**2 + z*u**4 + 1/2*u**3. Give f(0).
3
Let x be (-2)/(8/8)*-1. Let y(h) be the first derivative of 5/2*h**x - 1/3*h**3 - 4 + h. Determine y(4).
5
Let o(t) = -t**3 + 10*t**2 - 9*t + 1. Let i be o(9). Let s(u) = -1 - 2*u**2 + 0 - 2*u**3 - 2*u + 1 - i. Determine s(-1).
1
Let j = 335 + -343. Let p(g) = g**3 + 9*g**2 + 10*g + 10. Calculate p(j).
-6
Let v(s) be the second derivative of -3*s**2 - 15*s + 0 - 1/6*s**3. Calculate v(-6).
0
Let u(j) = -33*j + 14. Let h be u(4). Let v = h + 123. Let d(p) = -p. Let s(f) = -4*f - 2. Let q(k) = -5*d(k) + s(k). What is q(v)?
3
Let n(u) be the third derivative of -1/24*u**4 + 0*u + 1/3*u**3 - 2*u**2 - 1/15*u**5 + 0 - 1/120*u**6. Let p be 0 + 2 - (-5)/(15/(-12)). Give n(p).
-4
Let o(y) = -y + 1. Let b be o(-1). Suppose 3*g + 4*k = 22, 5*k - 35 = b*g - 7*g. Suppose 0 + g = -6*t. Let j(s) = -2*s. Calculate j(t).
2
Suppose -y + 12 = -36. Suppose 3*h + 0*h - y = 0. Let u(a) = -7*a - 9*a + a**2 + h*a - 1. Give u(-2).
3
Let c(f) = -5919*f + 2964*f + 2956*f. Suppose 0 = 3*g + q + 3, -3*g - 2 = 3*q + 1. What is c(g)?
-1
Let d(q) = 10*q + 185. Let a be d(-19). Let i(j) = -6*j + 1. Determine i(a).
31
Let m be -12*((-18)/(-99) - 10/(-66)). Let c(p) = -8*p. Calculate c(m).
32
Let j(b) = -10*b**3 + 2*b**2 + 3*b - 3. Let g be j(1). Let t(v) = -v**2 - 9*v + 6. Determine t(g).
14
Suppose 2*x - 12 = -x + 2*y, -2 = -4*x - 2*y. Suppose -x*i = i - 9. Let w(q) = -21*q**2 + 10*q**2 + 10*q**2 + q**i. Calculate w(1).
0
Let f(b) be the third derivative of -b**5/60 - b**4/6 + b**3/6 + 187*b**2 - 2*b. Let t = 4 - 8. Let q = t - 1. Calculate f(q).
-4
Let q(m) = -m**2 - m. Let c(r) = r**2 - 8*r - 5. Let d(h) = -c(h) - 2*q(h). What is d(-7)?
-16
Let n = 87 - 81. Let f(a) = 4*a + n*a + 440*a**2 - 441*a**2 - 7. Determine f(9).
2
Let o(t) = -6 + 22 - 10*t - 11 - 4 - 7. Determine o(-2).
14
Let h = -95/3 + 32. Let l(n) be the second derivative of n**2 - 3*n - 1/12*n**4 + 0 - h*n**3. Determine l(-3).
-1
Let a = 3 - 0. Let n(y) = -4*y + 4. Let r(v) = 6*v - 5. Let t(m) = -19*m + 16. Let c(x) = 8*r(x) + 3*t(x). Let f(s) = 3*c(s) - 7*n(s). Calculate f(a).
-1
Let c(s) = -9*s + 3. Let r(b) = 2*b. Let u(i) = -c(i) - 4*r(i). What is u(12)?
9
Let b(l) = l**3 - l**2 - l - 1. Let v(p) = 3*p**3 - 6*p**2 - 2*p + 2. Let g(t) = -2*b(t) + v(t). Give g(4).
4
Let o(y) = -y**3 + 2*y**2 - 4*y + 2. Let s be (8/12)/((-4)/(-102)). Let w = s + -15. Suppose w*c + 0*c - 5*j = -6, -c - 4*j + 10 = 0. What is o(c)?
-6
Let f be 19/(570/(-80))*(2 + 1). Let b(j) = j**2 + 6*j - 16. Give b(f).
0
Let q(t) = t**2 - 22*t - 42. Let u be q(-2). Let s(p) = -p - 1. Give s(u).
-7
Let i(n) = 5*n**2 - 18*n - 21. Let w(l) = -l**2 + 5*l + 5. Let r(m) = 2*i(m) + 9*w(m). Calculate r(-7).
-11
Let i(d) = -7*d**3 - 15*d**2 + 6*d - 8. Let p(r) = 8*r**3 + 16*r**2 - 6*r + 10. Let f(v) = -7*i(v) - 6*p(v). Determine f(-9).
50
Let m(q) = 4*q**3 + 10*q**2 + 10*q - 1. Let g(u) = -3*u**3 - 9*u**2 - 9*u + 1. Let d(y) = 3*g(y) + 2*m(y). Suppose -35 = 4*a - 11. Give d(a).
7
Let v(d) be the first derivative of -d**6/120 - 2*d**5/15 - 3*d**4/8 - d**3 - 27*d**2/2 + 1. Let x(m) be the second derivative of v(m). Give x(-7).
8
Let b(v) be the third derivative of v**4/4 + 5*v**3/6 - 2*v**2 - 22. Give b(-4).
-19
Let r(k) = -8*k**2 + 6*k - 3. Let w(c) = -7*c**2 + 6*c - 3. Let u(g) = -6*r(g) + 7*w(g). Calculate u(5).
2
Let z(b) = -12*b**2 + 0*b - b**3 + 0*b + 37 - 44. What is z(-12)?
-7
Let c(k) = 4*k + 26. Let l be c(-7). Let q be 0*(-1)/2 - (l - 4). Let t(h) = h**2 - 6*h - 2. Determine t(q).
-2
Let a(c) = c - 3. Let k(s) = -13*s - 190. Let f be k(-15). Calculate a(f).
2
Let o(l) = -16*l + 28. Let n(c) = -7*c + 13. Let r(k) = -9*n(k) + 4*o(k). Calculate r(5).
-10
Let g(n) = 3*n - 10. Let h be g(4). Let z(t) = 4*t + 68 - 8*t**2 + 4*t**h - 71. Determine z(2).
-11
Let f(l) = -5*l**3 + 18*l**2 + 11*l - 10. Let q be f(4). Let r(x) = -10*x - 1. Calculate r(q).
-21
Let w = 2 + 0. Let n(a) = -20*a + 53. Let b(m) = -5*m + 12. Let k(q) = -9*b(q) + 2*n(q). Calculate k(w).
8
Let c(h) = h**2 + 24*h + 23. Let g be c(-23). Let z(f) be the second derivative of g - 1/20*f**5 - 5/6*f**3 - 1/2*f**4 + f**2 - 7*f. Calculate z(-4).
-10
Let j(l) = 5*l - 29. Suppose 251*k - 5*t = 253*k + 15, -5*k + 5*t + 50 = 0. Calculate j(k).
-4
Let o(y) = y**3 + 7*y**2 - 3*y - 5. Let v be 1/2*(-4 + (-40)/4). What is o(v)?
16
Let k(a) = -20*a + 10. Let b(y) = 3 - 3*y + 7*y - 11*y. Let r(v) = 10*b(v) - 3*k(v). What is r(-2)?
20
Let h = -2900 - -2908. Let i(c) = c**2 - 7*c - 15. Calculate i(h).
-7
Suppose 7*a - 37 = -16. Let t(v) = 7 - 11*v**a + 10*v**3 + 5*v + v**2 + 4*v**2. What is t(6)?
1
Suppose 25 = 7*s - 66. Let b(x) = 4*x + x - s*x + 6*x. Calculate b(-1).
2
Suppose -p = 4*m - 14, -5*p + 4 + 3 = -m. Let v(y) = 4*y + 11 - 4 + 3*y + y**p. Calculate v(-6).
1
Let w be (3 - 0)*4*5/12. Let u(h) be the first derivative of -h**3/3 + 4*h**2 - 7*h - 43. What is u(w)?
8
Let b(t) = -5*t. Let q(d) = -14*d - 67. Let s be q(-5). Suppose -4*y + s*y = 4*g + 18, 5*g = -2*y - 21. What is b(g)?
25
Let m be 60/(-14) + 4 + 36/28. Let q(d) = 8*d. Give q(m).
8
Let w be (3/(-6))/(2/(-8)). Let s(y) = -y**3 + 6*y**2 - 6*y + 8. Let f be s(5). Let i(t) = -t - f - 3*t - 6*t**2 + 4*t**w + t. What is i(-2)?
-5
Let v(u) be the second derivative of -u**5/60 + u**4/24 + 2*u**3 + 3*u + 15. Let x(s) be the second derivative of v(s). Calculate x(-1).
3
Let n(l) = -63*l - 4 + 20*l + 42*l. Calculate n(4).
-8
Let g(s) = s**2 - 8*s + 18. Let y be g(4). Suppose 2*w + 0 = -y. Let i(q) be the second derivative of -q**4/12 - q**3/3 - q**2/2 - q. Give i(w).
0
Let o(l) = 2*l + 4. Let k(r) = r + 1. Let b(c) = -5*k(c) + 2*o(c). Determine b(4).
-1
Let t(r) = 2*r**2 - 19*r + 14. Let i be ((-4)/(-1))/4 + 2*1. Let u(g) = -g**2 + 10*g - 7. Let o(p) = i*t(p) + 5*u(p). What is o(5)?
-3
Let t = 146 + -140. Let q(h) be the third derivative of -h**4/24 - 7*h**3/6 - 12*h**2. Calculate q(t).
-13
Suppose 5*x - x - 16 = 0. Suppose 2*n = x*l - 24, 0*l = -4*n - 5*l - 9. Let q = -5 - n. Let b(j) = -3*j**3 + j**2 - j + 1. Calculate b(q).
-2
Suppose -f + n - 1 = 3, f + 12 = -3*n. Let q(o) = o**3 + 6*o**2 + 2*o + 8. Determine q(f).
-4
Let m(d) = -d**3 - 4*d**2 + 1. Let p(a) = 8*a + 9. Let f(u) = 3 + 0 - 5 - 2*u. Let x(q) = -9*f(q) - 2*p(q). Let n be x(-2). Determine m(n).
1
Let a be 3/(0 + 3)*0/2. Let o(c) = -c**2 + 19. Calculate o(a).
19
Let r(q) = q**3 - 5*q**2 - 3*q + 3. Suppose 0*m - 70 = -14*m. What is r(m)?
-12
Let y(g) be the second derivative of -7*g**3/6 - 3*g**2 + 666*g. Give y(0).
-6
L